{"id":16,"date":"2014-06-02T10:17:45","date_gmt":"2014-06-02T08:17:45","guid":{"rendered":"http:\/\/web5278.isis.artatis.de\/verein\/?page_id=16"},"modified":"2022-06-08T22:44:54","modified_gmt":"2022-06-08T20:44:54","slug":"links","status":"publish","type":"page","link":"https:\/\/www.kvh-helau.de\/?page_id=16","title":{"rendered":"Linkempfehlungen"},"content":{"rendered":"<p><span style=\"font-size: 12pt;\"><a href=\"http:\/\/www.karnevaldeutschland.de\/\" target=\"_blank\" rel=\"noopener\">Bund Deutscher Karneval<\/a><\/span><\/p>\n<p><span style=\"font-size: 12pt;\"><a href=\"http:\/\/igmk-mainz.de\/\" target=\"_blank\" rel=\"noopener\">Interessengemeinschaft Mittelrheinischer Karneval<\/a><\/span><\/p>\n<p><span style=\"font-size: 12pt;\"><a href=\"http:\/\/www.wkg-helau.de\/\" target=\"_blank\" rel=\"noopener\">Wetzlarer Karnevalsgesellschaft<\/a><\/span><\/p>\n<p><span style=\"font-size: 12pt;\"><a href=\"https:\/\/www.facebook.com\/pages\/Giessener-Fassenachts-Vereinigung-e-V\/177828185674959\" target=\"_blank\" rel=\"noopener\">Giessener Fassenachtsvereinigung<\/a><\/span><\/p>\n<p><span style=\"font-size: 12pt;\"><a href=\"http:\/\/www.acv-helau.de\/\" target=\"_blank\" rel=\"noopener\">A\u00dflarer Carneval-Verein<\/a><\/span><\/p>\n<p><span style=\"font-size: 12pt;\"><a href=\"https:\/\/de-de.facebook.com\/KvhLinden\" target=\"_blank\" rel=\"noopener\">Karnevalverein &#8222;Harmonien&#8220; Gro\u00dfen-Linden<\/a><\/span><\/p>\n<p><a href=\"https:\/\/www.facebook.com\/pages\/Carnevals-Club-Dornholzhausen\/585767901502020?ref=stream\" target=\"_blank\" rel=\"noopener\"><span style=\"font-size: 12pt;\">Carnevalsclub Dornholzhausen<\/span><\/a><\/p>\n<p><span style=\"color: #ccffff;\">.<\/span><\/p>\n<p><span style=\"font-size: 12pt;\"><a href=\"http:\/\/www.bs-frischauf.de\/\" target=\"_blank\" rel=\"noopener\">M\u00e4dchen- und Burschenschaft &#8222;Frisch Auf&#8220; 1955 H\u00f6rnsheim e.V.<\/a><\/span><\/p>\n<p><span style=\"font-size: 12pt;\"><a href=\"http:\/\/www.bs-fidelio.de\/\" target=\"_blank\" rel=\"noopener\">Burschenschaft Fidelio H\u00fcttenberg e.V.<\/a><\/span><\/p>\n<p><span style=\"font-size: 12pt;\"><a href=\"http:\/\/www.mgv-eintracht-huettenberg.de\/\" target=\"_blank\" rel=\"noopener\">M\u00e4nnergesangverein &#8222;Eintracht&#8220; H\u00fcttenberg<\/a><\/span><\/p>\n<p><span style=\"font-size: 12pt;\"><a href=\"http:\/\/frohsinn-huettenberg.de\" target=\"_blank\" rel=\"noopener\">Gesangverein &#8222;Frohsinn&#8220; H\u00fcttenberg<\/a><\/span><\/p>\n<p><span style=\"font-size: 12pt;\"><a href=\"http:\/\/www.feuerwehr-huettenberg.de\/\" target=\"_blank\" rel=\"noopener\">Freiwillige Feuerwehr H\u00fcttenberg<\/a><\/span><\/p>\n","protected":false},"excerpt":{"rendered":"<p>Bund Deutscher Karneval Interessengemeinschaft Mittelrheinischer Karneval Wetzlarer Karnevalsgesellschaft Giessener Fassenachtsvereinigung A\u00dflarer Carneval-Verein Karnevalverein &#8222;Harmonien&#8220; Gro\u00dfen-Linden Carnevalsclub Dornholzhausen . M\u00e4dchen- und Burschenschaft &#8222;Frisch Auf&#8220; 1955 H\u00f6rnsheim e.V. Burschenschaft Fidelio H\u00fcttenberg e.V. M\u00e4nnergesangverein &#8222;Eintracht&#8220; H\u00fcttenberg Gesangverein &#8222;Frohsinn&#8220; H\u00fcttenberg Freiwillige Feuerwehr H\u00fcttenberg<\/p>\n","protected":false},"author":1,"featured_media":0,"parent":0,"menu_order":12,"comment_status":"closed","ping_status":"closed","template":"","meta":{"footnotes":""},"class_list":["post-16","page","type-page","status-publish","hentry"],"_links":{"self":[{"href":"https:\/\/www.kvh-helau.de\/index.php?rest_route=\/wp\/v2\/pages\/16","targetHints":{"allow":["GET"]}}],"collection":[{"href":"https:\/\/www.kvh-helau.de\/index.php?rest_route=\/wp\/v2\/pages"}],"about":[{"href":"https:\/\/www.kvh-helau.de\/index.php?rest_route=\/wp\/v2\/types\/page"}],"author":[{"embeddable":true,"href":"https:\/\/www.kvh-helau.de\/index.php?rest_route=\/wp\/v2\/users\/1"}],"replies":[{"embeddable":true,"href":"https:\/\/www.kvh-helau.de\/index.php?rest_route=%2Fwp%2Fv2%2Fcomments&post=16"}],"version-history":[{"count":15,"href":"https:\/\/www.kvh-helau.de\/index.php?rest_route=\/wp\/v2\/pages\/16\/revisions"}],"predecessor-version":[{"id":1203,"href":"https:\/\/www.kvh-helau.de\/index.php?rest_route=\/wp\/v2\/pages\/16\/revisions\/1203"}],"wp:attachment":[{"href":"https:\/\/www.kvh-helau.de\/index.php?rest_route=%2Fwp%2Fv2%2Fmedia&parent=16"}],"curies":[{"name":"wp","href":"https:\/\/api.w.org\/{rel}","templated":true}]}}